se -5*o + 147189 = 5*v - 134321, 0 = 2*o - 5*v - 112639. List the prime factors of o.
3, 137
Let r = 3061 - 1671. Suppose 5*j - r = -2*p, 3*j = 2*p - 1043 - 331. List the prime factors of p.
2, 3, 5, 23
Let c(i) = 19*i**2 - i + 2. Suppose 2*q - 30 = -p, 3*p - 98 = -0*p - 4*q. Let y = -37 + p. What are the prime factors of c(y)?
2, 5
Let z = 486 + -482. Suppose -3*l + 2362 = 2*l + f, z*l + f = 1889. List the prime factors of l.
11, 43
Suppose 0 = -4*k + 2*k - 4*u + 55074, 0 = -2*k - 2*u + 55086. What are the prime factors of k?
3, 3061
Suppose 5*h + 45 = 0, 108902 - 322721 = -5*w + 6*h. List the prime factors of w.
3, 14251
What are the prime factors of 5345 - (-63 + 55 + (0 - -7))?
2, 3, 11
Suppose -o = z - 3155, 3*o - 8*z + 5*z - 9465 = 0. What are the prime factors of o?
5, 631
Let p(f) = -3*f**3 - 16*f**2 + 55*f + 5. List the prime factors of p(-19).
3, 11, 139
Let a = 847 + 86. Let c = a + -106. List the prime factors of c.
827
Suppose 6*y = -18 + 72. Suppose y*f - 265 = 113. List the prime factors of 7/(f/(-4))*(-128 + -1).
2, 43
Let r(u) = -59*u + 1694. List the prime factors of r(10).
2, 3, 23
Let s be (-4 - -8) + -2*(-9)/6. Suppose s*w - 2549 = -911. What are the prime factors of w?
2, 3, 13
Suppose 13*q = 8*q + 35. Suppose -q*y + 103 = -387. List the prime factors of y/5 + (-2 - -4).
2
Suppose -64017 = -23*n + 69475. List the prime factors of n.
2, 1451
Suppose h = -7 + 89. Suppose x - 5*s = h, 0*s - s - 74 = -x. Suppose y + 5 - x = 0. List the prime factors of y.
67
Suppose -5*v - 10 = 0, 4*d + 3*v = 2*d + 2646. Suppose 2*m = 4*x - d, -8*x - m = -4*x - 1311. What are the prime factors of x?
7, 47
Let w(n) = n**3 - 14*n**2 - 11*n + 2. Let g(c) = 5*c**3 - 71*c**2 - 54*c + 9. Let p(m) = 2*g(m) - 11*w(m). What are the prime factors of p(9)?
2, 89
Let l(y) = -y + 3. Let n be l(-3). Suppose n*s + 1236 = 8238. List the prime factors of s.
3, 389
Let j be 3660/54 + 4/18. Let c = -205 - -208. Suppose -2*y + s = c*s - j, 5*y - s = 164. What are the prime factors of y?
3, 11
Let k be 6/21 - 12/(-7). Suppose g - 4 = -3*r - k, 10 = 5*g + 3*r. Suppose -2*d - 2*n + 413 = 157, -3*d = g*n - 388. List the prime factors of d.
2, 3, 11
Let m(b) = 22*b**2 - b - 35*b + 8*b + 22*b - 15. List the prime factors of m(-4).
19
Let f = -4419 - -9938. What are the prime factors of f?
5519
Suppose 31*d - 3*u + 48419 = 33*d, 5*d - 121080 = -u. What are the prime factors of d?
61, 397
Let v = 21981 - 10438. List the prime factors of v.
7, 17, 97
Suppose -j + 0*j + k = -9, 0 = -5*j + 3*k + 41. Let s be 1*-135*j/((-105)/18). Suppose l + 64 = s. List the prime factors of l.
2, 7
Suppose 0 = -4*v - 185 + 2505. Suppose 1770 = 10*d - v. What are the prime factors of d?
5, 47
List the prime factors of 27 - 31 - (6 - 59388).
2, 11, 2699
Suppose 19*f - 10047 = -3150. Suppose 0 = q + f - 635. List the prime factors of q.
2, 17
Suppose -5*b - 52548 = -3*a, -127*b + 130*b = 3*a - 52548. List the prime factors of a.
2, 29, 151
Let r = -33152 + 47054. What are the prime factors of r?
2, 3, 7, 331
Let p be -6 + (-66)/6 + 8. List the prime factors of (-6153)/p - 19/(-57).
2, 3, 19
Suppose -8*l - 26 = -11*l - 4*a, 0 = -5*l + 5*a - 15. Suppose -7009 = -5*d - l*b, b = -11*d + 9*d + 2803. List the prime factors of d.
23, 61
Suppose -z = 3*m - 241425, -11*m = -5*m - 2*z - 482874. List the prime factors of m.
23, 3499
Let x be (-10*1)/(-2) + 38 + -46. List the prime factors of x/6 - ((-931)/2 - -3).
2, 3, 7, 11
What are the prime factors of ((-1)/(-1))/1 - (-66 - (-24 - -40))?
83
Let j(i) = 6*i - 27. Let c be j(7). What are the prime factors of -6 + -5*(-3156)/c?
2, 523
Suppose 198*x - 661110 = 183*x. What are the prime factors of x?
2, 22037
Suppose 0 = z + 247*u - 244*u - 3030, -15167 = -5*z + 2*u. What are the prime factors of z?
3, 337
Let l(n) = 3*n**3 - 22*n**2 + 72*n + 36. List the prime factors of l(19).
101, 139
Suppose -3*u + 8 = -u. Suppose u*h - 5*a + 14 + 10 = 0, 0 = -5*a + 20. List the prime factors of 154 - 1*h - (-8 - -12).
151
Suppose -18*c + 1192 = -16*c. Suppose t = c + 97. List the prime factors of t.
3, 7, 11
Let z(d) = 195*d**2 - 2*d - 264. What are the prime factors of z(-13)?
32717
Suppose -32*t = -28*t. Suppose -8*n + 40 + t = 0. Suppose -4*h + 6*a = 5*a - 554, -684 = -n*h - 3*a. What are the prime factors of h?
2, 3, 23
Suppose -w = 2*w - 183. Let q = -205 - -286. Let j = q - w. List the prime factors of j.
2, 5
Let t = -722 + 21469. What are the prime factors of t?
20747
Suppose 14052 = 2*z - 5*y, 105*z = 100*z - y + 35076. List the prime factors of z.
2, 877
Suppose 0 = 19*q - 15*q - 8. Suppose -13 = q*v - 5. List the prime factors of v/8 + (-25)/(-2).
2, 3
Let v(h) be the third derivative of 1/3*h**3 + 0 - 1/6*h**4 + 1/30*h**5 + 7*h**2 + 17/30*h**6 + 0*h. List the prime factors of v(1).
2, 17
Let b(t) = -t**3 - 15*t**2 - 49*t - 20. Let o be b(-14). Suppose -o = -5*j + 2*i, -4*j = -j - 2*i - 278. List the prime factors of j.
2, 3
Let w = -1822 - -3077. Let h = w - 501. What are the prime factors of h?
2, 13, 29
Let m = 371 + -375. Let c(z) = -400*z - 234. List the prime factors of c(m).
2, 683
Suppose 0 = -3*s + 8165 + 2194. Suppose 0 = -5*r + 4*q + 3341, -2*q - 775 = 4*r - s. List the prime factors of r.
3, 223
Suppose -19 = -5*a + m, -a = -5*a - m + 8. Suppose -a*g + 8*g = -15. List the prime factors of (-4683)/(-28) + g/12.
167
Let n = -10001 - -15823. List the prime factors of n.
2, 41, 71
Let t be (-2)/8 - 57/12. Let g(u) = -4*u - 17. Let k be g(t). Suppose -k*y = w - 64, -4*w - y + 291 = 2. What are the prime factors of w?
73
Let t = 954 - 340. Suppose -4*s - 254 = 4*g - 1442, 0 = -2*g + 3*s + t. List the prime factors of g.
7, 43
Let r(c) be the first derivative of c**4/4 - 3*c**3 - 11*c**2/2 - 2*c + 4. Let s be 1*3 - (-4 + -4). List the prime factors of r(s).
7, 17
Suppose 6*n = 5*n + 6. Let s(a) be the second derivative of a**4/4 + a**3 - 27*a**2/2 - 39*a. List the prime factors of s(n).
3, 13
Let d = 12 - 7. Let v be 77 + 7 + d + -7. Suppose 0 = 4*x + 3*t - 763, 5*t = 5*x - v - 828. List the prime factors of x.
11, 17
Suppose 0 = 4*p + k - 5592, 9*p + 5*k = 7*p + 2814. List the prime factors of p.
11, 127
Let s(a) = 3*a + 39. Let x be s(-13). Suppose 7*d - 4*d + 3*d = x. Suppose d = -3*b - 6*b + 729. What are the prime factors of b?
3
Let h be (1 - 0)/(3/(-48)). Let d(f) = -f**3 - 13*f**2 + 26*f + 38. What are the prime factors of d(h)?
2, 3, 5, 13
Suppose 131*i = -4*q + 126*i + 116625, q - 4*i - 29130 = 0. List the prime factors of q.
2, 5, 11, 53
Suppose 0 = 2*f + 995 + 251. Let r = f + 1043. List the prime factors of r.
2, 3, 5, 7
Suppose 813 + 1295 = -2*r. Let o = r + 1940. List the prime factors of o.
2, 443
Suppose 0 = j + 2*i - 684 - 921, 5*i - 1593 = -j. List the prime factors of j.
1613
Let v be 20/(-4)*(-704)/40. Let l = 2 + -87. Let b = v + l. What are the prime factors of b?
3
Suppose 20 = 288*k - 283*k. Let z(y) = -2*y - 3*y + 21*y**2 + 7*y**2 - 19*y**2 + 1. What are the prime factors of z(k)?
5
Let f(r) = -33*r + 111. Let h be f(5). List the prime factors of h/135 - (-1687)/5.
337
What are the prime factors of (-2442)/296*(-13136)/12?
11, 821
Suppose -9 = -4*s - 1. Let q be -1*44 - -2*s/(-4). Let x = q + 81. List the prime factors of x.
2, 3
Suppose -4*h + 29 = 21. Suppose 5*a + 2*n = 4*a + 320, h*a - 646 = -2*n. What are the prime factors of a?
2, 163
Let m(f) = 34*f + 308. Let s be m(-47). Let q = -170 - s. What are the prime factors of q?
2, 5, 7
Suppose 35*f - 46*f + 40887 = 0. List the prime factors of f.
3, 7, 59
Let i(w) be the first derivative of w**4/4 - 19*w**3/3 + 10*w**2 + 24*w - 38. What are the prime factors of i(19)?
2, 101
Suppose 9*j - 1423 = -4501. List the prime factors of 1 + 12/(6/j*-6).
5, 23
Let q(u) = -77*u - 5. Let h = -24 - -23. Let f be q(h). Suppose 5*w = 8*w - f. List the prime factors of w.
2, 3
Let j(p) = 128*p**2 + 3*p. Let a be 602/210 + (-12)/(-90). List the prime factors of j(a).
3, 43
Suppose -3*g - 5 = 34. Let l(j) = 6*j**2 + 58*j + 3. What are the prime factors of l(g)?
263
List the prime factors of -15 + 51*(-1734)/(-9).
9811
What are the prime factors of ((-25)/125)/(-3*(-5)/(-2831925))?
61, 619
Suppose -3*s + 709 = -5*t - 719, 2*t + 2*s + 568 = 0. Let j be (-6 + -2)/(1/64). Let q = t - j. Li